are the prime factors of 109621?
109621
List the prime factors of 13869.
3, 23, 67
What are the prime factors of 91191?
3, 113, 269
List the prime factors of 2697.
3, 29, 31
What are the prime factors of 489?
3, 163
List the prime factors of 1415.
5, 283
What are the prime factors of 2803?
2803
List the prime factors of 72725.
5, 2909
List the prime factors of 43468.
2, 10867
What are the prime factors of 785?
5, 157
What are the prime factors of 15132?
2, 3, 13, 97
List the prime factors of 3266.
2, 23, 71
List the prime factors of 51674.
2, 7, 3691
List the prime factors of 2051.
7, 293
List the prime factors of 3648.
2, 3, 19
List the prime factors of 10552.
2, 1319
List the prime factors of 6295.
5, 1259
What are the prime factors of 7772?
2, 29, 67
What are the prime factors of 794?
2, 397
List the prime factors of 12151.
29, 419
What are the prime factors of 30129?
3, 11, 83
What are the prime factors of 3642?
2, 3, 607
List the prime factors of 4392.
2, 3, 61
List the prime factors of 89138.
2, 7, 6367
List the prime factors of 17929.
17929
List the prime factors of 34128.
2, 3, 79
What are the prime factors of 1538?
2, 769
What are the prime factors of 9115?
5, 1823
What are the prime factors of 1986?
2, 3, 331
What are the prime factors of 113?
113
List the prime factors of 4634.
2, 7, 331
What are the prime factors of 53?
53
What are the prime factors of 958?
2, 479
What are the prime factors of 10794?
2, 3, 7, 257
List the prime factors of 2006.
2, 17, 59
What are the prime factors of 5582?
2, 2791
List the prime factors of 2847.
3, 13, 73
List the prime factors of 32474.
2, 13, 1249
List the prime factors of 5417.
5417
List the prime factors of 3745.
5, 7, 107
What are the prime factors of 650?
2, 5, 13
What are the prime factors of 26350?
2, 5, 17, 31
List the prime factors of 33358.
2, 13, 1283
What are the prime factors of 913?
11, 83
List the prime factors of 32581.
31, 1051
What are the prime factors of 151?
151
What are the prime factors of 105177?
3, 35059
What are the prime factors of 9931?
9931
What are the prime factors of 22564?
2, 5641
List the prime factors of 46165.
5, 7, 1319
List the prime factors of 3917.
3917
What are the prime factors of 1839?
3, 613
List the prime factors of 969.
3, 17, 19
What are the prime factors of 128742?
2, 3, 43, 499
List the prime factors of 5340.
2, 3, 5, 89
What are the prime factors of 1065?
3, 5, 71
List the prime factors of 526.
2, 263
What are the prime factors of 7715?
5, 1543
List the prime factors of 106.
2, 53
List the prime factors of 30167.
97, 311
What are the prime factors of 3753?
3, 139
What are the prime factors of 13504?
2, 211
List the prime factors of 28004.
2, 7001
List the prime factors of 5349.
3, 1783
List the prime factors of 39864.
2, 3, 11, 151
What are the prime factors of 3982?
2, 11, 181
What are the prime factors of 72912?
2, 3, 7, 31
List the prime factors of 2870.
2, 5, 7, 41
List the prime factors of 168.
2, 3, 7
List the prime factors of 897.
3, 13, 23
List the prime factors of 64829.
241, 269
List the prime factors of 6007.
6007
List the prime factors of 88.
2, 11
List the prime factors of 1339.
13, 103
List the prime factors of 799.
17, 47
List the prime factors of 68849.
11, 569
What are the prime factors of 17491?
17491
What are the prime factors of 452?
2, 113
List the prime factors of 591.
3, 197
List the prime factors of 3607.
3607
List the prime factors of 4450.
2, 5, 89
List the prime factors of 42423.
3, 79, 179
What are the prime factors of 16369?
16369
What are the prime factors of 870?
2, 3, 5, 29
List the prime factors of 462.
2, 3, 7, 11
List the prime factors of 413.
7, 59
What are the prime factors of 2258?
2, 1129
List the prime factors of 12996.
2, 3, 19
List the prime factors of 417.
3, 139
What are the prime factors of 28679?
7, 17, 241
List the prime factors of 27511.
11, 41, 61
What are the prime factors of 18157?
67, 271
List the prime factors of 5795.
5, 19, 61
List the prime factors of 3225.
3, 5, 43
What are the prime factors of 791?
7, 113
List the prime factors of 402.
2, 3, 67
What are the prime factors of 1519?
7, 31
List the prime factors of 1302.
2, 3, 7, 31
What are the prime factors of 21025?
5, 29
List the prime factors of 5156.
2, 1289
What are the prime factors of 10586?
2, 67, 79
What are the prime factors of 3050?
2, 5, 61
What are the prime factors of 1923?
3, 641
What are the prime factors of 18220?
2, 5, 911
List the prime factors of 1414.
2, 7, 101
What are the prime factors of 1154?
2, 577
List the prime factors of 29341.
13, 37, 61
What are the prime factors of 186217?
31, 6007
What are the prime factors of 37465?
5, 59, 127
What are the prime factors of 12855?
3, 5, 857
What are the prime factors of 4641?
3, 7, 13, 17
List the prime factors of 6798.
2, 3, 11, 103
List the prime factors of 28521.
3, 3169
What are the prime factors of 1584?
2, 3, 11
List the prime factors of 32611.
32611
What are the prime factors of 248?
2, 31
What are the prime factors of 19373?
19373
List the prime factors of 2351.
2351
List the prime factors of 1074.
2, 3, 179
What are the prime factors of 23199?
3, 11, 19, 37
List the prime factors of 980.
2, 5, 7
What are the prime factors of 16518?
2, 3, 2753
What are the prime factors of 104870?
2, 5, 10487
List the prime factors of 1264.
2, 79
What are the prime factors of 37201?
37201
List the prime factors of 4555.
5, 911
What are the prime factors of 4154?
2, 31, 67
What are the prime factors of 25345?
5, 37, 137
What are the prime factors of 648?
2, 3
List the prime factors of 38186.
2, 61, 313
What are the prime factors of 43443?
3, 1609
What are the prime factors of 659?
659
What are the prime factors of 827?
827
List the prime factors of 5027.
11, 457
What are the prime factors of 6854?
2, 23, 149
What are the prime factors of 710?
2, 5, 71
List the prime factors of 6310.
2, 5, 631
What are the prime factors of 149210?
2, 5, 43, 347
List the prime factors of 103274.
2, 51637
List the prime factors of 52479.
3, 7, 17
List the prime factors of 12115.
5, 2423
What are the prime factors of 5900?
2, 5, 59
What are the prime factors of 35129?
35129
List the prime factors of 717.
3, 239
List the prime factors of 2230.
2, 5, 223
What are the prime factors of 4013?
4013
List the prime factors of 599.
599
What are the prime factors of 2827?
11, 257
List the prime factors of 34943.
83, 421
What are the prime factors of 1761?
3, 587
List the prime factors of 1460.
2, 5, 73
What are the prime factors of 10918?
2, 53, 103
What are the prime factors of 19024?
2, 29, 41
What are the prime factors of 5808?
2, 3, 11
What are the prime factors of 60989?
71, 859
List the prime factors of 166312.
2, 20789
What are the prime factors of 6907?
6907
List the prime factors of 451.
11, 41
What are the prime factors of 146255?
5, 29251
What are the prime factors of 107007?
3, 53, 673
List the prime factors of 1746.
2, 3, 97
What are the prime factors of 16729?
16729
What are the prime factors of 97689?
3, 32563
List the prime factors of 15355.
5, 37, 83
What are the prime factors of 1054?
2, 17, 31
List the prime factors of 5664.
2, 3, 59
What are the prime factors of 868?
2, 7, 31
What are the prime factors of 1562?
2, 11, 71
List the prime factors of 2021.
43, 47
List the prime factors of 7070.
2, 5, 7, 101
List the prime factors of 377.
13, 29
List the prime factors of 4226.
2, 2113
What are the prime factors of 1174?
2, 587
What are the prime factors of 655?
5, 131
What are the prime factors of 655?
5, 131
List the prime factors of 111547.
331, 337
List the prime factors of 47462.
2, 19, 1249
List the prime factors of 325.
5, 13
List the prime factors of 12214.
2, 31, 197
What are the prime factors of 9793?
7, 1399
What are the prime factors of 12709?
71, 179
List the prime factors of 40762.
2, 89, 229
List the prime factors of 76232.
2, 13, 733
What are the prime factors of 922?
2, 461
What are the prime factors of 66673?
61, 1093
What are the prime factors of 8477?
7, 173
List the prime factors of 42947.
67, 641
List the prime factors of 8768.
2, 137
What are the prime factors of 11380?
2, 5, 569
What are the prime factors of 2205?
3, 5, 7
List the prime factors of 18753.
3, 7, 19, 47
List the